{"id":350,"date":"2020-08-02T13:08:03","date_gmt":"2020-08-02T13:08:03","guid":{"rendered":"https:\/\/artem-demo.bslthemes.com\/?page_id=12"},"modified":"2021-04-12T17:52:45","modified_gmt":"2021-04-12T15:52:45","slug":"home","status":"publish","type":"page","link":"https:\/\/artofbone.com\/","title":{"rendered":"Home"},"content":{"rendered":"\t\t<div data-elementor-type=\"wp-page\" data-elementor-id=\"350\" class=\"elementor elementor-350\" data-elementor-settings=\"[]\">\n\t\t\t<div class=\"elementor-inner\">\n\t\t\t\t<div class=\"elementor-section-wrap\">\n\t\t\t\t\t\t\t<section class=\"elementor-element elementor-element-6ea17d1 elementor-section-full_width elementor-section-height-default elementor-section-height-default elementor-section elementor-top-section\" data-id=\"6ea17d1\" data-element_type=\"section\">\n\t\t\t\t\t\t<div class=\"elementor-container elementor-column-gap-no\">\n\t\t\t\t<div class=\"elementor-row\">\n\t\t\t\t<div class=\"elementor-element elementor-element-9bbb76c elementor-column elementor-col-100 elementor-top-column\" data-id=\"9bbb76c\" data-element_type=\"column\">\n\t\t\t<div class=\"elementor-column-wrap  elementor-element-populated\">\n\t\t\t\t\t<div class=\"elementor-widget-wrap\">\n\t\t\t\t<div class=\"elementor-element elementor-element-005e67e elementor-widget elementor-widget-artem-hero-slider\" data-id=\"005e67e\" data-element_type=\"widget\" data-widget_type=\"artem-hero-slider.default\">\n\t\t\t\t<div class=\"elementor-widget-container\">\n\t\t\t\t    \n\t    <!-- Hero -->\n\t    <header class=\"hero\">\n\t\t    <div class=\"slider slider-horizontal\">\n\t\t\t    <div class=\"slider__caption swiper-container\">\n\t                <div class=\"swiper-wrapper\">\n\t\t\t\t        \t\t\t\t        \t\t\t\t        <!-- Caption -->\n\t\t\t\t        <div class=\"swiper-slide\">\n\t\t\t\t\t\t    <div class=\"slider__item\">\n\t\t\t\t\t\t\t    \t\t\t\t\t\t\t    <h6 class=\"title title--overhead\">\n\t\t\t\t\t\t\t    \t<span class=\"down-up\">\n\t\t\t\t\t\t\t    \t\t<span >\n\t\t\t\t\t\t\t    \t\t\tWebdesign\t\t\t\t\t\t\t    \t\t<\/span>\n\t\t\t\t\t\t\t    \t<\/span>\n\t\t\t\t\t\t\t    <\/h6>\n\t\t\t\t\t\t\t    \t\t\t\t\t\t\t    \t\t\t\t                <h1 class=\"title title--display-1 js-text-wave\">\n\t\t\t\t                \t<span >Maison Mornier<\/span>\n\t\t\t\t                <\/h1>\n\t\t\t\t                \t\t\t\t                \t\t\t\t\t            <p class=\"description\">\n\t\t\t\t\t            \t<span class=\"down-up\">\n\t\t\t\t\t            \t\t<span >Conception graphique du site internet de vente en ligne de la bijouterie Mornier, horloger joaillier de luxe \u00e0 Bordeaux.<\/span>\n\t\t\t\t\t            \t<\/span>\n\t\t\t\t\t            <\/p>\n\t\t\t\t\t            \t                            \t                            <a href=\"http:\/\/artofbone.com\/?portfolio=maison-mornier\" class=\"btn-link btn-link--circle-right\">\t  <span class=\"down-up\">\n\t                            \t\t<span>\n\t                            \t\t\t<span >D\u00e9couvrir<\/span>\n\t                            \t\t\t<i class=\"circle circle--right icon-right-open\"><\/i>\n\t                            \t\t<\/span>\n\t                            \t<\/span>\n\t                            <\/a>\n\t                            \t\t\t\t\t\t\t<\/div>\n\t\t\t\t\t\t<\/div>\n\t\t\t\t        <!-- \/Caption -->\n\t\t\t\t        \t\t\t\t        <!-- Caption -->\n\t\t\t\t        <div class=\"swiper-slide\">\n\t\t\t\t\t\t    <div class=\"slider__item\">\n\t\t\t\t\t\t\t    \t\t\t\t\t\t\t    <h6 class=\"title title--overhead\">\n\t\t\t\t\t\t\t    \t<span class=\"down-up\">\n\t\t\t\t\t\t\t    \t\t<span >\n\t\t\t\t\t\t\t    \t\t\tIllustration \/ Concept art\t\t\t\t\t\t\t    \t\t<\/span>\n\t\t\t\t\t\t\t    \t<\/span>\n\t\t\t\t\t\t\t    <\/h6>\n\t\t\t\t\t\t\t    \t\t\t\t\t\t\t    \t\t\t\t                <h1 class=\"title title--display-1 js-text-wave\">\n\t\t\t\t                \t<span >Alita<\/span>\n\t\t\t\t                <\/h1>\n\t\t\t\t                \t\t\t\t                \t\t\t\t\t            <p class=\"description\">\n\t\t\t\t\t            \t<span class=\"down-up\">\n\t\t\t\t\t            \t\t<span >Cr\u00e9ation de concepts de ce que pourrait \u00eatre mon adaptation cin\u00e9matographique id\u00e9ale de Gunnm de Yukito Kishiro.<\/span>\n\t\t\t\t\t            \t<\/span>\n\t\t\t\t\t            <\/p>\n\t\t\t\t\t            \t                            \t                            <a href=\"http:\/\/artofbone.com\/?portfolio=alita\" class=\"btn-link btn-link--circle-right\">\t  <span class=\"down-up\">\n\t                            \t\t<span>\n\t                            \t\t\t<span >D\u00e9couvrir<\/span>\n\t                            \t\t\t<i class=\"circle circle--right icon-right-open\"><\/i>\n\t                            \t\t<\/span>\n\t                            \t<\/span>\n\t                            <\/a>\n\t                            \t\t\t\t\t\t\t<\/div>\n\t\t\t\t\t\t<\/div>\n\t\t\t\t        <!-- \/Caption -->\n\t\t\t\t        \t\t\t\t        <!-- Caption -->\n\t\t\t\t        <div class=\"swiper-slide\">\n\t\t\t\t\t\t    <div class=\"slider__item\">\n\t\t\t\t\t\t\t    \t\t\t\t\t\t\t    <h6 class=\"title title--overhead\">\n\t\t\t\t\t\t\t    \t<span class=\"down-up\">\n\t\t\t\t\t\t\t    \t\t<span >\n\t\t\t\t\t\t\t    \t\t\tWebdesign\t\t\t\t\t\t\t    \t\t<\/span>\n\t\t\t\t\t\t\t    \t<\/span>\n\t\t\t\t\t\t\t    <\/h6>\n\t\t\t\t\t\t\t    \t\t\t\t\t\t\t    \t\t\t\t                <h1 class=\"title title--display-1 js-text-wave\">\n\t\t\t\t                \t<span >The Devil House<\/span>\n\t\t\t\t                <\/h1>\n\t\t\t\t                \t\t\t\t                \t\t\t\t\t            <p class=\"description\">\n\t\t\t\t\t            \t<span class=\"down-up\">\n\t\t\t\t\t            \t\t<span >Conception graphique du site internet et du logo d'un escape game horrifique dans la r\u00e9gion toulousaine.<\/span>\n\t\t\t\t\t            \t<\/span>\n\t\t\t\t\t            <\/p>\n\t\t\t\t\t            \t                            \t                            <a href=\"http:\/\/artofbone.com\/?portfolio=the-devil-house\" class=\"btn-link btn-link--circle-right\">\t  <span class=\"down-up\">\n\t                            \t\t<span>\n\t                            \t\t\t<span >D\u00e9couvrir<\/span>\n\t                            \t\t\t<i class=\"circle circle--right icon-right-open\"><\/i>\n\t                            \t\t<\/span>\n\t                            \t<\/span>\n\t                            <\/a>\n\t                            \t\t\t\t\t\t\t<\/div>\n\t\t\t\t\t\t<\/div>\n\t\t\t\t        <!-- \/Caption -->\n\t\t\t\t        \t\t\t\t        \t\t\t        <\/div>\n\t\t\t\t<\/div>\n\n\t\t\t    <div class=\"slider__image swiper-container reveal\" data-swiper-delay=\"8000\" data-swiper-autoplay=\"1\">\n\t                <div class=\"swiper-wrapper\">\n\t\t\t\t        \t\t\t\t        \t\t\t\t        <!-- Image -->\n\t\t\t\t        <div class=\"swiper-slide\">\n\t\t\t\t\t\t\t<div class=\"cover-slider overlay--45\" style=\"background-image: url(https:\/\/artofbone.com\/wp-content\/uploads\/2020\/08\/header-mornier.jpg);\">\n\t\t\t\t\t\t\t\t\t\t\t\t\t\t\t\t\t<a href=\"http:\/\/artofbone.com\/?portfolio=maison-mornier\" class=\"swiper-slide__link\"><\/a>\n\t\t\t\t\t\t\t\t\t\t\t\t\t\t\t<\/div>\n\t\t\t\t\t\t<\/div>\n\t\t\t\t        <!-- \/Image -->\n\t\t\t\t        \t\t\t\t        \t\t\t\t        <!-- Image -->\n\t\t\t\t        <div class=\"swiper-slide\">\n\t\t\t\t\t\t\t<div class=\"cover-slider overlay--45\" style=\"background-image: url(https:\/\/artofbone.com\/wp-content\/uploads\/2020\/08\/header-alita.jpg);\">\n\t\t\t\t\t\t\t\t\t\t\t\t\t\t\t\t\t<a href=\"http:\/\/artofbone.com\/?portfolio=alita\" class=\"swiper-slide__link\"><\/a>\n\t\t\t\t\t\t\t\t\t\t\t\t\t\t\t<\/div>\n\t\t\t\t\t\t<\/div>\n\t\t\t\t        <!-- \/Image -->\n\t\t\t\t        \t\t\t\t        \t\t\t\t        <!-- Image -->\n\t\t\t\t        <div class=\"swiper-slide\">\n\t\t\t\t\t\t\t<div class=\"cover-slider overlay--45\" style=\"background-image: url(https:\/\/artofbone.com\/wp-content\/uploads\/2021\/04\/header-thedevilhouse.jpg);\">\n\t\t\t\t\t\t\t\t\t\t\t\t\t\t\t\t\t<a href=\"http:\/\/artofbone.com\/?portfolio=the-devil-house\" class=\"swiper-slide__link\"><\/a>\n\t\t\t\t\t\t\t\t\t\t\t\t\t\t\t<\/div>\n\t\t\t\t\t\t<\/div>\n\t\t\t\t        <!-- \/Image -->\n\t\t\t\t        \t\t\t\t        \t\t\t\t        \t\t\t        <\/div>\n\t\t\t\t<\/div>\n\n\t\t\t    <!-- Control -->\n\t\t\t\t<div class=\"control-slider control-slider--vertical swiper-control\">\n\t\t\t\t    <div><\/div>\n\t\t\t\t\t<div class=\"swiper-pagination\"><\/div>\n\t\t\t\t\t<div>\n\t\t\t\t\t    <div class=\"swiper-button-next zoom-cursor\">\n\t\t\t\t\t\t    <svg class=\"slider-nav slider-nav--progress\" viewBox=\"0 0 46 46\">\n\t\t\t\t\t\t\t\t<g class=\"slider-nav__path-progress slider-nav__path-progress--gray\">\n\t                                <path d=\"M0.5,23a22.5,22.5 0 1,0 45,0a22.5,22.5 0 1,0 -45,0\" \/>\n\t                            <\/g>\n\t                        <\/svg>\n\t                        <svg class=\"slider-nav slider-nav--gray\" viewBox=\"0 0 46 46\">\n\t                            <circle class=\"slider-nav__path--gray\" cx=\"23\" cy=\"23\" r=\"22.5\"\/>\n\t                            <path class=\"slider-nav__arrow\" d=\"M26.45 22.45l-4.91-4.91a.7707464.7707464 0 0 0-1.09 1.09L24.82 23l-4.36 4.36a.7707464.7707464 0 0 0 1.09 1.09l4.91-4.91a.77.77 0 0 0-.01-1.09z\"\/>\n\t                        <\/svg>\n\t\t\t\t\t\t<\/div>\n\t\t\t\t\t    <div class=\"swiper-button-prev zoom-cursor\">\n\t                        <svg class=\"slider-nav slider-nav--gray\" viewBox=\"0 0 46 46\">\n\t                            <circle class=\"slider-nav__path--gray\" cx=\"23\" cy=\"23\" r=\"22.5\"\/>\n\t                            <path class=\"slider-nav__arrow\" d=\"M18.5 23.55l4.91 4.91a.7707464.7707464 0 1 0 1.09-1.09L20.14 23l4.36-4.36a.7707464.7707464 0 0 0-1.09-1.09l-4.91 4.9a.77.77 0 0 0 0 1.1z\"\/>\n\t                        <\/svg>\n\t\t\t\t\t\t<\/div>\n\t\t\t\t\t<\/div>\n\t\t\t\t<\/div>\n\t\t\t\t<!-- \/Control -->\n\t\t\t\t\n\t\t\t\t\t\t\t<\/div>\n\t    <\/header>\n\t    <!-- \/Hero -->\n\n\t\t\t\t<\/div>\n\t\t\t\t<\/div>\n\t\t\t\t\t\t<\/div>\n\t\t\t<\/div>\n\t\t<\/div>\n\t\t\t\t\t\t<\/div>\n\t\t\t<\/div>\n\t\t<\/section>\n\t\t\t\t\t\t<\/div>\n\t\t\t<\/div>\n\t\t<\/div>\n\t\t","protected":false},"excerpt":{"rendered":"<p>Webdesign Maison Mornier Conception graphique du site internet de vente en ligne de la bijouterie Mornier, horloger joaillier de luxe \u00e0 Bordeaux. D\u00e9couvrir Illustration \/ Concept art Alita Cr\u00e9ation de concepts de ce que pourrait \u00eatre mon adaptation cin\u00e9matographique id\u00e9ale de Gunnm de Yukito&#8230; <\/p>\n<div><a href=\"https:\/\/artofbone.com\/\" class=\"btn-link\">READ MORE<\/a><\/div>\n","protected":false},"author":1,"featured_media":0,"parent":0,"menu_order":0,"comment_status":"closed","ping_status":"closed","template":"template-layout-builder.php","meta":[],"_links":{"self":[{"href":"https:\/\/artofbone.com\/index.php?rest_route=\/wp\/v2\/pages\/350"}],"collection":[{"href":"https:\/\/artofbone.com\/index.php?rest_route=\/wp\/v2\/pages"}],"about":[{"href":"https:\/\/artofbone.com\/index.php?rest_route=\/wp\/v2\/types\/page"}],"author":[{"embeddable":true,"href":"https:\/\/artofbone.com\/index.php?rest_route=\/wp\/v2\/users\/1"}],"replies":[{"embeddable":true,"href":"https:\/\/artofbone.com\/index.php?rest_route=%2Fwp%2Fv2%2Fcomments&post=350"}],"version-history":[{"count":27,"href":"https:\/\/artofbone.com\/index.php?rest_route=\/wp\/v2\/pages\/350\/revisions"}],"predecessor-version":[{"id":500,"href":"https:\/\/artofbone.com\/index.php?rest_route=\/wp\/v2\/pages\/350\/revisions\/500"}],"wp:attachment":[{"href":"https:\/\/artofbone.com\/index.php?rest_route=%2Fwp%2Fv2%2Fmedia&parent=350"}],"curies":[{"name":"wp","href":"https:\/\/api.w.org\/{rel}","templated":true}]}}